t f(i) = -i**3 - 11*i**2 - 3*i - 14. Calculate f(-11).
19
Let i(u) = -5*u + 14. Give i(-11).
69
Let z(s) = -s**3 + 3*s**2 - s + 17. Give z(4).
-3
Let u(o) = 5*o**3 + o**2 - o - 2. Calculate u(-1).
-5
Let y(u) = u - 29. Determine y(20).
-9
Let w(m) = 2*m**2 + 13*m + 3. What is w(-7)?
10
Let h(i) = -3*i**3 - i**2 + i - 2. Give h(2).
-28
Let x(p) = 172*p**3 + 2*p**2 - 5*p + 2. Determine x(1).
171
Let k(m) = -m**2 - m + 2. What is k(4)?
-18
Let q(p) = -p**2 - 16*p - 24. Calculate q(-15).
-9
Let b(t) = t**2 + 1. Give b(0).
1
Let g(d) = -4*d + 2. Give g(-5).
22
Let m(y) = -y**2 - 16*y - 7. Give m(-12).
41
Let j(w) = w**3 + 14*w**2 - 14*w - 19. Determine j(-15).
-34
Let p(o) = -o - 11. What is p(5)?
-16
Let w(z) = 20*z + 2. What is w(3)?
62
Let h(s) = s**3 + 9*s**2 + s + 3. Calculate h(-9).
-6
Let w(t) = 11*t + 160. Give w(-13).
17
Let t(h) = -h**2 + 10*h + 197. Determine t(-10).
-3
Let q(d) = d**2 - d - 5. Determine q(3).
1
Let m(l) = -3*l + 1. Determine m(0).
1
Let w(g) = -6*g**2 - 39*g - 9. Give w(-8).
-81
Let r(l) = l**3 + 4*l**2 - 9*l - 7. Determine r(-6).
-25
Let l(d) = -d**2 + 11*d - 12. What is l(9)?
6
Let o(f) = f**2 + 17*f - 9. Give o(-18).
9
Let q(h) = -h**3 + 11*h**2 - 2*h + 19. Calculate q(11).
-3
Let b(y) = -2*y**3 - 4*y**2 + 3. Determine b(-1).
1
Let w(s) = 86*s**2 - 6*s + 5. Calculate w(1).
85
Let j(f) = -f**2 + 18*f - 3. Calculate j(10).
77
Let a(h) = -h**2 - 13*h + 50. Give a(-17).
-18
Let i(g) = -g**2 + 10*g - 23. Calculate i(10).
-23
Let d(w) = -w**2 + w - 1. Calculate d(-5).
-31
Let o(g) = g - 9. Calculate o(12).
3
Let i(d) = 2*d**2 - 26*d + 16. Give i(15).
76
Let o(j) = -3*j**2 + 3*j + 3. What is o(-2)?
-15
Let m(g) = -g**3 + 8*g**2 - 2*g + 43. Calculate m(8).
27
Let o(p) = 7*p + 25. What is o(-5)?
-10
Let z(p) = -p**2 + 13*p - 19. Calculate z(13).
-19
Let c(x) = -30*x**3 + x**2 + 3*x - 2. Give c(1).
-28
Let g(o) = -o**3 + 17*o**2 - 10*o + 14. Calculate g(17).
-156
Let n(f) = -4*f**2 - 14*f + 51. Calculate n(3).
-27
Let i(j) = -3*j + 8. What is i(2)?
2
Let y(t) = 3*t**3 - 41*t**2 + 24*t + 18. What is y(13)?
-8
Let q(t) = -t + 8. What is q(13)?
-5
Let y(z) = -z**2 - 4*z - 5. What is y(3)?
-26
Let y(s) = s + 3. Calculate y(5).
8
Let i(g) = 4*g + 16. Calculate i(-12).
-32
Let k(l) = -l**3 + 11*l**2 - 8*l - 16. Determine k(10).
4
Let a(q) = 5*q**2 - 24*q - 11. Give a(5).
-6
Let k(q) = -14*q + 2. Give k(3).
-40
Let g(z) = z**2 + 7*z - 2. Determine g(-6).
-8
Let d(x) = 3*x**3 + 4*x**2 + 2*x - 1. Determine d(-2).
-13
Let c(o) = -o - 19. What is c(-8)?
-11
Let t(i) = -8*i**3 - i**2 - 2*i + 2. What is t(1)?
-9
Let f(o) = -o**3 - 15*o**2 + 10*o - 26. Give f(-16).
70
Let f(n) = n**3 - 10*n**2 - 22*n - 16. Determine f(12).
8
Let d(t) = -11*t + 68. What is d(8)?
-20
Let v(a) = 7*a**3 + a**2 - a - 1. What is v(-1)?
-6
Let n(x) = -14*x + 2. Give n(1).
-12
Let p(r) = 99*r**3 + r**2 - 1. Determine p(1).
99
Let w(i) = -i**3 - 9*i**2 - 9*i + 30. What is w(-6)?
-24
Let f(o) = o**2 + 3*o - 10. Determine f(5).
30
Let u(l) = l**3 - 21*l**2 + 20*l + 2. Determine u(20).
2
Let d(m) = 2*m + 46. Give d(-21).
4
Let k(s) = s**3 - 6*s**2 + 9*s - 4. Give k(6).
50
Let q(p) = 10*p**3 + 2*p**2 - 3*p - 2. What is q(-1)?
-7
Let f(w) = w**2 - 7. Give f(-6).
29
Let p(c) = -c**2 - 11*c - 23. Determine p(-5).
7
Let x(a) = -4*a - 50. Give x(-12).
-2
Let x(f) = -f**3 + 4*f**2 + 21*f - 76. What is x(4)?
8
Let y(q) = q**3 + q**2 + 2*q + 1. Give y(-2).
-7
Let g(u) = u**3 - 10*u**2 + 3*u + 23. Give g(9).
-31
Let w(q) = -q**3 + 7*q**2 - 4*q - 4. What is w(6)?
8
Let r(o) = -2*o - 7. Determine r(11).
-29
Let z(r) = 10*r + 38. Calculate z(13).
168
Let f(d) = -2*d - 17. Calculate f(-14).
11
Let j(m) = 3*m - 179. What is j(0)?
-179
Let n(d) = -d**3 - 25*d**2 - 23*d + 25. What is n(-24)?
1
Let z(t) = t**2 - 14*t - 1. What is z(10)?
-41
Let m(d) = -2*d**2 - 45*d - 27. Calculate m(-21).
36
Let l(w) = -80*w + 394. Determine l(5).
-6
Let v(p) = -13*p - 6. What is v(0)?
-6
Let d(c) = -7*c + 142. What is d(20)?
2
Let j(h) = 2*h - 3. Give j(-2).
-7
Let q(w) = -w**2 - 6*w + 3. Calculate q(2).
-13
Let h(x) = 6*x + 151. Give h(-28).
-17
Let k(g) = -g**2 - 92*g - 589. What is k(-7)?
6
Let a(k) = k**3 + 2*k**2 - 8. Give a(0).
-8
Let s(g) = -g**3 + 2*g**2 - 1. What is s(-1)?
2
Let f(d) = d**3 + 3*d**2 - 4. Calculate f(-3).
-4
Let p(d) = -d**3 - 28*d**2 + 28*d - 29. What is p(-29)?
0
Let s(f) = f**3 + 36*f**2 + 36*f + 41. Give s(-35).
6
Let r(v) = -7*v - 39. Calculate r(-12).
45
Let v(l) = l**2 + 27*l + 49. Determine v(-19).
-103
Let m(l) = -l**3 - 6*l**2 - 6*l - 6. Give m(-4).
-14
Let g(d) = -7*d**3 - 1. Give g(-1).
6
Let o(k) = 3*k + 21. Determine o(-4).
9
Let g(n) = 2*n**2 + n + 2. Calculate g(0).
2
Let s(g) = 2*g - 9. Determine s(12).
15
Let u(i) = -i**2 - 5*i + 5. Determine u(-7).
-9
Let g(f) = -f**2 + 19*f - 37. Determine g(17).
-3
Let f(w) = 2*w**2 + 18*w + 33. Calculate f(-10).
53
Let a(n) = 20*n - 19. Calculate a(-1).
-39
Let x(u) = -18*u**3 - u**2 - 6*u - 5. Give x(-1).
18
Let j(s) = s**3 - 4*s**2 + 6*s + 1. Give j(3).
10
Let g(j) = 169*j**3 + j**2 - 3*j + 2. Determine g(1).
169
Let j(g) = -g**3 + 17*g**2 + 37*g + 25. Calculate j(19).
6
Let r(z) = z**3 - 20*z**2 + 25*z - 94. Calculate r(19).
20
Let b(a) = a**3 + 8*a**2 - 3*a - 15. Calculate b(-8).
9
Let i(b) = 2*b + 4. What is i(0)?
4
Let d(o) = 14*o**2 + 4*o - 4. What is d(2)?
60
Let o(w) = w**2 - 10*w + 6. Calculate o(10).
6
Let v(q) = q**3 + 22*q**2 + q + 30. What is v(-22)?
8
Let i(z) = -z**3 + 11*z**2 - 14*z + 15. Give i(9).
51
Let q(c) = -11*c + 34. Calculate q(4).
-10
Let u(g) = -12*g + 7. Calculate u(3).
-29
Let y(w) = w**2 - 98. What is y(10)?
2
Let o(i) = i**3 + 5*i**2 - 6*i - 1. What is o(-6)?
-1
Let z(h) = -6*h + 11. What is z(6)?
-25
Let o(g) = g**3 + 10*g**2 + 8*g - 9. Determine o(-9).
0
Let v(y) = 12*y - 32. Calculate v(3).
4
Let l(f) = f**3 - 5*f**2 - 8*f + 4. Give l(6).
-8
Let b(z) = -z**2 + 9*z + 7. Give b(10).
-3
Let b(c) = -6*c**2 - 6*c - 4. Determine b(-1).
-4
Let y(u) = -18*u - 17. Give y(-5).
73
Let o(h) = 3*h**3 - 7*h - 11. What is o(-2)?
-21
Let v(x) = -9*x + 8. Calculate v(5).
-37
Let k(w) = w**3 - 8*w**2 + 13*w + 15. Give k(5).
5
Let z(q) = q**2 - 254*q + 1246. What is z(5)?
1
Let a(h) = -h**2 + 5*h + 8. What is a(8)?
-16
Let n(j) = -j**2 + 2*j - 1. Calculate n(2).
-1
Let j(q) = -q**2 - q. Determine j(2).
-6
Let r(y) = 23*y + 17. What is r(-1)?
-6
Let o(n) = -n**3 + 19*n**2 + 3. Calculate o(19).
3
Let c(k) = 13*k - 44. Determine c(5).
21
Let x(u) = -u**3 + 8*u**2 + 10*u - 6. Determine x(9).
3
Let p(y) = -y**3 - 11*y**2 + 15. Determine p(-11).
15
Let b(o) = -11*o**3 + 3*o**2 - 1. What is b(1)?
-9
Let r(w) = -w**3 + 9*w**2 - 4*w + 22. Determine r(9).
-14
Let a(t) = -t + 3. Give a(-8).
11
Let f(h) = -2*h**2 - 8*h + 6. Give f(-6).
-18
Let a(u) = u**3 - 8*u**2 - 6*u - 2. What is a(9)?
25
Let o(r) = -5*r + 74. Calculate o(15).
-1
Let m(g) = -g**2 + 15*g + 6. Determine m(7).
62
Let o(z) = -z**3 + 4*z**2 - 3*z - 3. Determine o(4).
-15
Let w(r) = 6*r + 1. Calculate w(0).
1
Let p(g) = -9*g - 3. Determine p(13).
-120
Let c(u) = u + 6. Determine c(-10).
-4
Let w(a) = -3*a**2 + 33*a - 11. Calculate w(7).
73
Let m(u) = 2*u - 38. What is m(-11)?
-60
Let s(b) = b + 10. Calculate s(-13).
-3
Let d(c) = -c**3 + 55*c**2 + 61*c - 275. Give d(56).
5
Let c(p) = -p**3 - 3*p**2 - 4*p + 9. Give c(-3).
21
Let f(h) = -h**2 - 6*h - 151. Give f(0).
-151
Let k(m) = -2*m**2 - 5*m - 63. What is k(0)?
-63
Let f(r) = r**3 + r**2 - 20*r + 5. Determine f(4).
5
Let y(p) = p - 11. What is y(9)?
-2
Let q(v) = v + 8. What is q(-1)?
7
Let m(z) = z**3 - 5*z**2 - 14*z + 21. Give m(7).
21
Let j(z) = 4*z**2 + 4*z + 1. Calculate j(4).
81
Let d(x) = 3*x - 10. Determine d(3).
-1
Let v(m) = -m**2 - 6. Determine v(5).
-31
Let l(v) = 7*v - 5. Determine l(3).
16
Let a(r) = r**2 + r + 7. What is a(-3)?
13
Let h(u) = u**3 - 18*u**2 - 21*u + 35. Calculate h(19).
-3
Let d(q) = -10*q + 22. Determine d(2).
2
Let j(i) = i + 6. Give j(14).
20
Let r(y) = -6*y + 248. Determine r(43).
-10
Let k(z) = z**3 + 5*z**2 - 10*z - 29. What is k(-3)?
19
Let v(y) = y**3 + 3*y**2 - 7*y + 16. Give v(0).
16
Let b(k) = k**3 + 3*k**2 - 3*k - 2. Determine b(-3).
7
Let h(s) = -s**2 - 22*s + 65. What is h(-25)?
-10
Let t(p) = -15*p - 4. Determine t(4).
-64
Let c(u) = -u + 2. Calculate 